hat is -2005302 - -4?
-2005254
In base 4, what is 1222 - -31221?
33103
In base 11, what is -989 + -4?
-992
In base 9, what is -36321 + -2?
-36323
In base 4, what is 0 + -303220131?
-303220131
In base 4, what is -101120 - -1?
-101113
In base 9, what is 7 - -28635?
28643
In base 4, what is 21302110300 - 10?
21302110230
In base 10, what is 95 - 27084?
-26989
In base 7, what is 14662 - 1064?
13565
In base 10, what is 269 + 11?
280
In base 11, what is -27896 - -58?
-27839
In base 5, what is 323442 + -121?
323321
In base 8, what is -15705 - -2?
-15703
In base 5, what is 14114442 - -1?
14114443
In base 4, what is 21313003 - 321?
21312022
In base 15, what is 4 - 82?
-7d
In base 4, what is 10 - 23200001?
-23133331
In base 7, what is -25 - -4612?
4554
In base 7, what is -41236 + 21?
-41215
In base 14, what is 5 + -6230?
-6229
In base 10, what is -28 + 3705?
3677
In base 2, what is 1 - -101111011111000100?
101111011111000101
In base 2, what is 11101011111 + -100101?
11100111010
In base 7, what is 1161525 + 33?
1161561
In base 7, what is -354 + -50?
-434
In base 15, what is 9db5c + 1?
9db5d
In base 8, what is -73512 - 15?
-73527
In base 11, what is -175508 - -4?
-175504
In base 5, what is -101 - -2142323?
2142222
In base 3, what is 11200 - -120220?
202120
In base 12, what is 61 + -76?
-15
In base 2, what is -1010011 + -1110101101001?
-1110110111100
In base 11, what is -89441 - 4?
-89445
In base 2, what is -1001 - 10010010101?
-10010011110
In base 15, what is -19c - -53b?
38e
In base 11, what is -2440 + -31?
-2471
In base 2, what is -10110010 - 101001101?
-111111111
In base 7, what is -1314 + 1324?
10
In base 9, what is -84 - 2861?
-3055
In base 6, what is 11 - -12034152?
12034203
In base 11, what is -1354 + 192?
-1172
In base 3, what is -22022002 - 1021?
-22100100
In base 14, what is 16 - -a090?
a0a6
In base 9, what is 6218 + -53?
6155
In base 5, what is -2231432424 - 2?
-2231432431
In base 16, what is -2fe + b?
-2f3
In base 6, what is -2502 - 22?
-2524
In base 2, what is 1 + -10010100010101000?
-10010100010100111
In base 6, what is 4 + -4352100?
-4352052
In base 4, what is 10 + -302022013?
-302022003
In base 6, what is -522 - 254504?
-255430
In base 2, what is 1010000110 + 1010?
1010010000
In base 7, what is 3 - 332210?
-332204
In base 10, what is 531 - 90?
441
In base 3, what is 0 + 212020120?
212020120
In base 4, what is 11002000 - -1?
11002001
In base 4, what is -10 - 2110?
-2120
In base 5, what is -20010 + 124?
-14331
In base 15, what is 351b7 + -4?
351b3
In base 6, what is -1340453 + -3?
-1340500
In base 7, what is -3653103 - 4?
-3653110
In base 14, what is 119 - 2878?
-275d
In base 15, what is 24 - -44?
68
In base 4, what is -2211 - -122?
-2023
In base 10, what is 158 + -1212?
-1054
In base 11, what is 3 + -43984a?
-439847
In base 15, what is -2c6 + 11?
-2b5
In base 14, what is 4 - -9d88?
9d8c
In base 4, what is -103 + 33001?
32232
In base 5, what is 1 - 2132233?
-2132232
In base 10, what is -1370246 + 4?
-1370242
In base 4, what is -10 + 201112?
201102
In base 3, what is 200020 + -220?
122100
In base 6, what is 53 - 5512?
-5415
In base 11, what is -1 - 44a1?
-44a2
In base 11, what is -9 + 114?
106
In base 13, what is -13887 + 5?
-13882
In base 8, what is 5517 + -2?
5515
In base 14, what is -679a - -d?
-678b
In base 7, what is -601 - 2633?
-3534
In base 7, what is -143 - -101453?
101310
In base 5, what is -32 + 33140?
33103
In base 5, what is -41 - -1003314?
1003223
In base 12, what is 19 + 32b?
348
In base 16, what is -f - -31e7?
31d8
In base 12, what is 2a - 1498?
-146a
In base 9, what is -1638321 - -3?
-1638317
In base 5, what is 3 - -1344220?
1344223
In base 5, what is -14120 - 1424?
-21044
In base 10, what is -4 + -2728?
-2732
In base 5, what is -2 - -11233204?
11233202
In base 5, what is 1224342 - 40?
1224302
In base 12, what is 1 - -2381?
2382
In base 11, what is -483 + 73?
-410
In base 12, what is 23067b - 0?
23067b
In base 8, what is 270 + -630?
-340
In base 10, what is -847 - 37?
-884
In base 8, what is 3566764 + -5?
3566757
In base 15, what is -33c57 - 12?
-33c69
In base 15, what is -1b9172 - 3?
-1b9175
In base 4, what is 1 - 121331?
-121330
In base 16, what is -87 + -1?
-88
In base 7, what is 106 - -4361?
4500
In base 10, what is 5711 - 10?
5701
In base 11, what is 66 + -a337?
-a281
In base 16, what is 4 - 2937?
-2933
In base 11, what is -28882 + -4?
-28886
In base 8, what is 234206 - 0?
234206
In base 13, what is -ac2c + 2a?
-ac02
In base 6, what is 4 - 1051541?
-1051533
In base 12, what is -14 - -22a6?
2292
In base 13, what is 8b + a?
98
In base 6, what is 3 + -403535?
-403532
In base 4, what is 3 + -10013020?
-10013011
In base 16, what is 290a + -8?
2902
In base 9, what is 30 - 53501?
-53461
In base 8, what is -1254 - -16?
-1236
In base 4, what is 3 - 200213321?
-200213312
In base 11, what is 19 - -123481?
12349a
In base 8, what is 3 + -221014?
-221011
In base 3, what is -2000211022 + 200?
-2000210122
In base 6, what is 13142021 - -12?
13142033
In base 11, what is -707a - -12?
-7068
In base 6, what is 3 - 13521224?
-13521221
In base 2, what is -1101110011 + -1011011011?
-11001001110
In base 2, what is 10 + 101101111001111?
101101111010001
In base 14, what is -7 - 4992?
-4999
In base 9, what is 1250670 - 5?
1250664
In base 16, what is a4 - 40?
64
In base 16, what is -149 + 11b?
-2e
In base 15, what is 439c0 + -2?
439bd
In base 4, what is 11102 - 302?
10200
In base 4, what is 33 + 211130?
211223
In base 10, what is 1532 - 302?
1230
In base 11, what is 77 - 0?
77
In base 11, what is 862 + -14?
849
In base 16, what is -24 + 9f?
7b
In base 11, what is -30 - -122?
a2
In base 7, what is 0 + -5230620?
-5230620
In base 14, what is -c - 6911?
-691d
In base 8, what is 62 - 27075?
-27013
In base 5, what is -34221 - 201?
-34422
In base 6, what is 11 + -22431?
-22420
In base 12, what is 860b + -1a?
85b1
In base 7, what is 10 + -20312?
-20302
In base 10, what is -18 - -244?
226
In base 3, what is 100012201011 - 10?
100012201001
In base 2, what is 11010100101 + -1101100101?
1101000000
In base 2, what is 1011001111001001 + 11011?
1011001111100100
In base 12, what is -33 + 799?
766
In base 3, what is 210 - -1112200220?
1112201200
In base 10, what is -4 + -319696?
-319700
In base 16, what is -4 + 78ad?
78a9
In base 9, what is -3 + 24237?
24234
In base 4, what is -3 - 100131212?
-100131221
In base 6, what is -150 - -1541?
1351
In base 4, what is 13 - -11110303120?
11110303133
In base 11, what is 4a462 - -4?
4a466
In base 3, what is -12 + 111000011121?
111000011102
In base 11, what is 261080 - 1?
26107a
In base 9, what is 316 + 22272?
22588
In base 7, what is -6 - -1345563?
1345554
In base 15, what is 697c1 - -3?
697c4
In base 2, what is 0 + -101001000011001000001?
-101001000011001000001
In base 16, what is 0 - 40a5?
-40a5
In base 15, what is 5 + -921c?
-9217
In base 2, what is 101 + -11011110111011?
-11011110110110
In base 2, what is -111111001001110110 + -100?
-111111001001111010
In base 16, what is 2fc + -82?
27a
In base 10, what is 32946 + -3?
32943
In base 4, what is -30123 + 1221?
-22302
In base 14, what is -39b + -b?
-3a8
In base 12, what is -57872 + -14?
-57886
In base 2, what is 101 + -110001011101110?
-110001011101001
In base 9, what is -13303 - -22?
-13271
In base 9, what is 3 + -33843?
-33840
In base 16, what is 6 + 9c8?
9ce
In base 9, what is -1 - -2552?
2551
In base 6, what is -140 - 3142?
-3322
In base 8, what is -2773 - -13?
-2760
In base 5, what is 1422223 - 2?
1422221
In base 3, what is 1012101 - -20010?
1102111
In base 7, what is -15456423 + -4?
-15456430
In base 15, what is ca5 + 4ed?
12a3
In base 12, what is -21 - -2a8b?
2a6a
In base 14, what is 69a2 + 4?
69a6
In base 3, what is -1121220010001 - 10?
-1121220010011
In base 4, what is -2003212230 - 3?
-2003212233
In base 11, what is -2 + 111a45?
111a43
In base 16, what is c + -b8a9?
-b89d
In base 6, what is 30424 + 300?
31124
In base 4, what is 223213131 - -10?
223213201
In base 5, what is 414 - 1034?
-120
In base 2, what is -10010001 - -110110101010111?
110110011000110
In base 2, what is -101010 + 10101110101?
10101001011
In base 9, what is -621513 + -2?
-621515
In base 16, what is 25c - 1d?
23f
In base 7, what is -12404 - 1?
-12405
In base 13, what is -2 - -1b29?
1b27
In base 10